13
Let j = -161 + 1978. Suppose 4*k - h = 2218, 2*h = 5*k - 957 - j. List the prime factors of k.
2, 277
Suppose -1880*p + 104424 = -1868*p. List the prime factors of p.
2, 19, 229
Let b(f) = -2*f**2 + 31*f + 27. Let n be b(15). Suppose -10*x + n = -88. List the prime factors of x.
13
Suppose -3*m + 244*z = 249*z - 27711, 5*z - 18469 = -2*m. List the prime factors of m.
2, 4621
Let o(x) = -28*x + 55. Let c be o(8). Let k = 234 + c. What are the prime factors of k?
5, 13
Let h(x) = -21*x + 92. Let w(u) = 43*u - 181. Let z(d) = 11*h(d) + 6*w(d). List the prime factors of z(12).
2, 5
Let r(t) = t**2 - 12*t + 32. Let d(q) = -3*q**2 + 36*q - 95. Let h(b) = 4*d(b) + 11*r(b). Let k be h(9). List the prime factors of (-19 + 3)/(k/4).
2
What are the prime factors of 21554 + -3 + (-2 - (-36)/(-6))?
3, 43, 167
Let d be -1 + (-6 - (2281 - -8)). What are the prime factors of (90/(-4))/(42/d)?
2, 3, 5, 41
Let b(a) = 252*a**3 - 3*a**2 - 11*a - 5. Let m(r) = -1008*r**3 + 13*r**2 + 45*r + 18. Let v(z) = -9*b(z) - 2*m(z). List the prime factors of v(-1).
11, 23
Let t = 13967 - 6140. What are the prime factors of t?
3, 2609
Let r be 236 - -1*(-1 - 5). Let s = r + -135. What are the prime factors of s?
5, 19
What are the prime factors of (-48)/(-30) + 539754/10?
7, 11, 701
Let a(v) = 26*v - 494. Let m be a(24). Let d be (-38)/(-6) - (-1)/(-3). Let k = m - d. What are the prime factors of k?
2, 31
Suppose -5 = 8*d - 45. Suppose 1067 = d*h + 372. Suppose 4*t - h = -w, t + t = 10. What are the prime factors of w?
7, 17
Let h(j) = j**3 - 10*j**2 + j - 8. Suppose 35*r - 30*r = 50. Let y be h(r). Suppose 3*b + y*b - 670 = 0. What are the prime factors of b?
2, 67
List the prime factors of (6/36 - (12/9)/4)*-223926.
37321
Let m be ((-1)/(-1))/(9/(-27)). Let b(q) = 95*q**2 - 15*q - 46. What are the prime factors of b(m)?
2, 7, 61
Let t(z) = z**3 + 270*z - 9*z**2 + 0*z**3 - 9 - 258*z. List the prime factors of t(9).
3, 11
Let p(r) = -7*r**3 - 10*r**2 + 11*r - 10. Let v be p(-6). Suppose -j + 113 = 2*y - 97, -5*j + 3*y = -v. List the prime factors of j.
2, 107
Suppose 113*z - 1472367 - 1915740 + 941092 = 0. List the prime factors of z.
5, 61, 71
Suppose -9*f = -78*f + 541650. List the prime factors of f.
2, 5, 157
Suppose -12 = -5*f + 8. Suppose f*u - 328 + 0 = 0. List the prime factors of u.
2, 41
Suppose 0 = -13*d + 18*d + 5. List the prime factors of (-1 - d)/(2 - 3) + 400.
2, 5
Let i = -136 + 190. Suppose i*d = 62*d - 9064. List the prime factors of d.
11, 103
Let o(h) = -h**3 - 60*h**2 - 122*h + 5. Let d be o(-58). Let z = 313 + d. List the prime factors of z.
2, 3, 37
Suppose -9*g = -1340 + 16802. What are the prime factors of (-7 - g/(-10))/((-2)/5)?
3, 149
Let d(l) = 245*l**2 - 29*l + 149. List the prime factors of d(6).
5, 1759
Let k(f) be the first derivative of -f**4/4 - f**3/3 + 5*f**2 + 17*f - 1152. Let g = 7 - 11. What are the prime factors of k(g)?
5
Let u be ((-30)/20)/(6/(-16)). Suppose 0 = -m + 5 - u. List the prime factors of (-83)/3*-3*m.
83
Let m(d) = d**2 + 156*d - 1498. What are the prime factors of m(85)?
3, 6329
List the prime factors of (28/21 + 4)*(-251475)/(-50).
2, 7, 479
Suppose -4*u + 3*h + 15 = -u, -3*h + 1 = u. Suppose -5*s = t + 2*t - 390, 55 = s - u*t. List the prime factors of s.
3, 5
Let x(a) = 3*a**3 + a**3 - 3 + a - 5*a**3. Let b be x(-2). Suppose -b*c - 8*c + 979 = 0. List the prime factors of c.
89
Let m(p) = -p**3 - p + 8. Suppose 0 = -6*n + 10*n. Let l be m(n). What are the prime factors of 170/25*(l - 3)?
2, 17
Let w = 197 + -190. Suppose 1192 = 11*u - w*u - 3*x, 3*x = 12. List the prime factors of u.
7, 43
Let b be (63/45 + -1)/(2/(-30)). What are the prime factors of (b - 4 - -5) + 711?
2, 353
Let j(s) = 2*s**2 - 4*s - 22. Let p be j(-6). Let l = 250 - p. Let i = l - 116. What are the prime factors of i?
2, 3, 5
Let c(q) = 6651*q**2 + 65*q + 103. What are the prime factors of c(-2)?
3, 2953
Let v(w) = 8308*w**3 + 14*w**2 - 48*w + 34. What are the prime factors of v(2)?
2, 7, 47, 101
Let p(k) = k**2 + 31*k + 32. Let f(n) = 3*n**2 + 92*n + 95. Let d(o) = -3*f(o) + 8*p(o). What are the prime factors of d(-24)?
67
Let z(x) = x - 1. Let o be z(1). Let f(l) = -l**3 - 57*l**2 - 113*l - 155. Let j be f(-55). Suppose o = -j*m + 9 + 171. List the prime factors of m.
2, 3
Suppose 2*m = -3*m - 5*h + 20, m - 2*h - 7 = 0. List the prime factors of 3 + m*(13 - -7).
103
Let v(a) = 16*a**2 + 26*a - 38. Suppose -3*h + 11 - 38 = 0. List the prime factors of v(h).
2
Suppose -167*d + 343*d - 55378 = 174*d. What are the prime factors of d?
27689
Let i = 17113 - 10059. What are the prime factors of i?
2, 3527
Let x(n) = 37*n + 1. Let f be x(13). Let d = f + -131. What are the prime factors of d?
3, 13
Let b(t) = -161*t**3 + 18*t**2 + 3*t + 14. List the prime factors of b(-4).
2, 5297
Suppose 5*y + 758 = 2*c, 2*y + 3*c = -2*c - 280. Let v = 33 + y. Let q = 226 + v. List the prime factors of q.
109
Let d(m) = 6*m**2 - 12*m - 219. What are the prime factors of d(-28)?
3, 1607
Suppose 362*k + 688 = 360*k. Let h = 736 + k. List the prime factors of h.
2, 7
Let i(f) = 72*f - 37. Suppose 3*s - 17 = 7. Suppose -s*t - 3 = -9*t. What are the prime factors of i(t)?
179
Suppose 2*n - 28 = 2*t, -5*t + 4*n = 49 + 25. Suppose 23 = -w - 57. Let k = t - w. List the prime factors of k.
2, 31
What are the prime factors of 9365/(2 + 6 - 7)?
5, 1873
Let s = -15387 - -22575. List the prime factors of s.
2, 3, 599
Suppose -56471 = 2*y - 28*y + 67393. List the prime factors of y.
2, 3, 397
Let l(p) = 1032*p - 615. What are the prime factors of l(3)?
3, 827
Let w(c) = -c + 3. Let g be w(-8). Let n = 155 - g. What are the prime factors of n?
2, 3
Let h(j) = -532*j + 541. List the prime factors of h(-8).
3, 13, 41
Let o(a) be the first derivative of a**4 + a**3/3 + a**2/2 - a + 2. Let r be o(1). Let h(u) = 6*u**2 - 9*u + 5. What are the prime factors of h(r)?
2, 5, 11
Let q(a) = 100*a + 60. Let g be q(10). Suppose -g + 178 = -3*h. What are the prime factors of h?
2, 3, 7
Let p = -48 + 3. Let z = -42 - p. List the prime factors of (-5)/(z/(-6)*2/10).
2, 5
List the prime factors of 8430*2 + 2200/(-220).
2, 5, 337
Suppose 6*m - 2*m - 2*c = -2016, -2*c = 4*m + 2008. Let z = m + 1078. What are the prime factors of z?
5, 23
Let w(y) = -y**2 + y + 1. Let z(j) = 2*j**2 - 3*j + 14. Let q(f) = w(f) + z(f). Let c be q(-14). Suppose 5*l - c - 591 = 0. What are the prime factors of l?
2, 83
Let y(w) = 2*w**2 - 35*w + 4. Suppose 0 = i - 6*i + 120. List the prime factors of y(i).
2, 79
Suppose 9*b + 20*b - 25172 = 0. Suppose -3*o = 4*i - b, -3*o - 837 = -4*i + 31. What are the prime factors of i?
7, 31
Suppose 7567690 = 138*z - 193292. List the prime factors of z.
56239
Suppose -3*g + 12593 = 5*n, g - 141*n - 4194 = -139*n. List the prime factors of g.
2, 1049
Let m be (-2 + 6)*5/8*154. Let t = m - 137. Suppose -6*j = -2*j - t. List the prime factors of j.
2, 31
Suppose 5*r = 5*i - 103430, -5*i + 94889 + 8561 = -r. What are the prime factors of i?
3, 11, 19
Let k(m) = 2*m**3 - 5*m**2 - 11*m + 5. Let f be k(-8). Let i = -679 - f. Suppose -i = 7*n - 2462. List the prime factors of n.
2, 3, 5
Let d(h) = -134*h - 172*h + 365 - 177*h + 398*h. What are the prime factors of d(-12)?
5, 277
Let h = -3532 - -5149. List the prime factors of h.
3, 7, 11
Suppose -2*w - 5*b = -7*w + 142320, 56934 = 2*w - 5*b. Suppose 38*h - 13946 = w. List the prime factors of h.
2, 3, 31
Let y(n) = 9*n**3 + 11*n**2 + 4 + 26*n - 11*n**3 + n**3. Let b be y(13). Suppose -4*i + 152 = b*k, 0 = -2*k - k + i + 110. What are the prime factors of k?
37
Suppose -2*r - 2*c - 199 = -5*r, -2*r + 5*c + 140 = 0. Suppose -36 + 3 = -3*h. Let m = h + r. List the prime factors of m.
2, 19
Let g be (-7)/28 - (-63)/12. Suppose -g*i + 9 - 29 = 0, 2*i = -5*y + 2187. List the prime factors of y.
439
Let u(s) = 6*s**3 + 4*s**2 - 43*s + 121. List the prime factors of u(11).
2, 3, 11, 41
Suppose 57*r - 36*r = 524790. What are the prime factors of r?
2, 3, 5, 7, 17
What are the prime factors of 43172/22 + (-84)/231?
2, 3, 109
Suppose 2782 = 2*w + 736. Let t = -411 + w. Suppose 147 = 3*p - t. What are the prime factors of p?
11, 23
Let g be 9/(-3) + 3/3*-65. Let k be -3 + g/(-20) + 2232/20. Suppose 5*r + b - 614 = 0, 3*r + b - 258 = k. What are